t q be (13/((-78)/24))/r. Give s(q).
17
Let o(b) = -6*b**2 + 1. Let l be ((-6)/4)/(15/(-70)). Suppose 3 = 8*y - l*y. Suppose -4 = 2*x, -q = -2*x - 2 - y. What is o(q)?
-5
Let y(w) = w - 48. Let c(q) = -147*q + 1491. Let o be c(10). What is y(o)?
-27
Let t(a) = 11*a + 1. Let w(c) = -26*c. Let m(v) = -5*t(v) - 2*w(v). Suppose k - 1 - 3 = 0. Suppose -5*z - 4*b + 5*b - 23 = 0, k*z + 10 = -2*b. Give m(z).
7
Let f(m) be the second derivative of 1/20*m**5 + 0*m**4 + 0 - 1/2*m**3 - 3/2*m**2 - 40*m. What is f(-2)?
-5
Let s(q) = q**3 + 3*q**2 + 1. Let l(x) = -x**3 - 34*x**2 + 35*x + 49. Let p be l(-35). Suppose p*b + 15 = 44*b. Calculate s(b).
1
Let l = -10163/12 + 847. Let b(n) be the second derivative of l*n**4 + 0 + 11*n - 3/2*n**2 + 2/3*n**3. What is b(-5)?
2
Let z(m) be the third derivative of m**4/24 + 7*m**3/6 + 211*m**2. Calculate z(16).
23
Let w(u) = 12*u. Let n(f) = 4*f - 11. Let p be n(16). Let y = p + -51. Give w(y).
24
Let l(s) be the second derivative of -s**3/3 + s**2 + 165*s + 4. Suppose p - 4 = f - 0*p, 0 = -2*f - 5*p + 13. Determine l(f).
4
Suppose -w - 39 = -44. Let m(g) = 11*g + 7 - 16*g + 3*g. Determine m(w).
-3
Let z(a) = -25*a**2 + 17*a + 3. Let r(p) be the first derivative of 3*p**3 - 3*p**2 - p - 43. Let b(w) = 11*r(w) + 4*z(w). Give b(2).
1
Let l(q) = -12*q + 499. Suppose -2*o = n - 83, -o + 4*n + 13 + 24 = 0. Calculate l(o).
7
Let c(b) = -b**2 + 1. Let g(k) be the second derivative of -7*k**4/12 - k**3/2 + 3*k**2 - 40*k. Let h(l) = 5*c(l) - g(l). Give h(-3).
8
Let b = 734 + -1160. Let j = 430 + b. Let c(o) = 5 + 3*o - 3*o - o. What is c(j)?
1
Let d(y) = -y**2 - 35*y - 14. Let i(b) = -3*b + 3. Let o(q) = -d(q) + 4*i(q). Calculate o(-21).
-16
Let a(v) = v**2 + 3*v - 7. Let z be (224/10)/(-3 - 98/(-35)). Let h = z + 107. Give a(h).
3
Let n(w) be the first derivative of 27*w**2/2 - 139*w + 1292. Calculate n(5).
-4
Let z(j) = -476*j**2 + 3 + 483*j**2 - 9*j**3 - 14 + 11*j. Let m(u) = 14*u**3 - 11*u**2 - 17*u + 17. Let b(p) = 5*m(p) + 8*z(p). What is b(2)?
-9
Let z(o) = -o**3 + 5. Let n(d) = -3*d**2 + 6*d - 6. Let u(p) = 2*p**2 - 4*p + 3. Let g(c) = -3*n(c) - 5*u(c). Let x be g(-1). Calculate z(x).
5
Let u(a) = 14*a**2 - 4*a + 78. Let d(m) = m**2 - m + 37. Let v(g) = -2*d(g) + u(g). What is v(1)?
14
Let q(y) = y**3 - 32 + 15*y**3 + 22 - 17*y**3 - 17*y**2 + 5*y**2 + 13*y. What is q(-13)?
-10
Let v(j) = -j**3 - 9*j**2 + 13*j + 38. Let q be v(-10). Suppose 0 = -2*d - 2*d + 12. Let u(a) = -5*a**3 + a**d + 2 - 13 + 9*a + 3*a**3 + 7*a**2. What is u(q)?
-3
Suppose -3*o = o + 4. Let k(p) = 5*p + 77. Let f be k(-15). Let y(g) = -1 - f*g**2 - 2*g**3 - 2 + 4 - 13*g**3. Calculate y(o).
14
Let h(f) = -3*f**2 + 51*f + 91. Let i be h(19). Let t(u) = 2*u + 49. Give t(i).
3
Let y(s) = -29*s**2 + 956*s + 34. Let p be y(33). Let j(u) be the second derivative of -u**4/2 - u**3/6 + 4*u. Calculate j(p).
-7
Let b be 2 + 2 + -10 + 3 + 0. Let q = 5 + b. Let j(v) = q*v - 10*v - 4 + 7*v + 1. What is j(4)?
-7
Let g(s) = 3*s**2 + 4*s - 16. Suppose -3*v + 0*v + 66 = 0. Let k = v - 30. Let q(p) = p**2 + p - 5. Let z(j) = k*q(j) + 3*g(j). Determine z(-6).
4
Let r be (6 - 8)*(-1)/(-5)*-210. Let d(b) = 92*b + r*b + 4 - 179*b. Let g be (-10)/(-4) + 6/4. Give d(g).
-8
Suppose -y + 389 = -0*y. Let z(o) = -9*o + 384*o**2 - o**3 + y*o**2 - 762*o**2 - 9. Give z(10).
1
Let u(n) = 2*n**2 + 62*n - 4. Let m(h) = 4*h**2 + 112*h - 7. Let l(i) = 6*m(i) - 11*u(i). What is l(6)?
14
Let n(f) be the second derivative of f**5/20 - 2*f**4/3 - 4*f**3/3 - 13*f**2/2 - f. Let p = 15059 - 15050. Determine n(p).
-4
Let q(p) = 1246*p + 20 + 1337*p - 2585*p. Give q(8).
4
Let m(p) = -3*p**2 - 3*p - 28. Let x(g) = 4*g**2 + 4*g + 26. Let d = -237 + 242. Let i(f) = d*m(f) + 4*x(f). Calculate i(0).
-36
Let z(d) = 2*d - 57. Let h = -2449 + 2471. Determine z(h).
-13
Suppose 49*d = 80*d - 124. Let w(v) be the second derivative of 0 - 1/3*v**3 - 9*v + 1/20*v**5 - 1/3*v**4 + 3/2*v**2. Determine w(d).
-5
Let d(m) = -20409*m + 7*m**2 + 40823*m - 4*m**2 + 39 - 20415*m. Determine d(0).
39
Let s = 39 - 37. Let y(d) = 43*d - 53*d + 0*d**2 - d**2 + 2*d**s. Calculate y(5).
-25
Let l(i) = i**2 - 4*i + 3. Let a be l(4). Let n(k) be the third derivative of -1/30*k**5 - 14*k + 1/6*k**3 + 1/24*k**4 + 8*k**2 + 0. Calculate n(a).
-14
Let c be (36/15)/((-6)/(-20)). Let o(g) = -28*g + 19. Let x(r) = 8*r - 9 + r + 4*r. Let t(v) = 6*o(v) + 13*x(v). What is t(c)?
5
Let c be 46 - ((-3)/3)/(0 + 1). Let m = 44 - c. Let b = m - 7. Let i(a) = a**3 + 10*a**2 + 4. Give i(b).
4
Let s(h) = 5*h + 31. Let f = -31 + 3. Let i = f + 25. Let n(d) = -2*d - 15. Let t(x) = i*s(x) - 7*n(x). What is t(0)?
12
Let s be 9/(((-60)/18)/10). Let g be s/(-24) + 4/(-32). Let y(p) = 2*p + 1. Give y(g).
3
Let m(k) = -61*k + 421. Let z = -27302 + 27309. Determine m(z).
-6
Let m(x) = 17*x - 3. Let s(r) = -14*r + 3. Let g be ((-20)/12)/(4 + 13/(-3)). Let f(l) = g*m(l) + 6*s(l). What is f(8)?
11
Let w(l) be the second derivative of -11*l**4/6 + l**3/2 - l**2/2 + 727*l. Give w(1).
-20
Suppose 2*c = 15 - 11. Let n(f) = 1 + 2*f + 2 - 3 + c. Determine n(7).
16
Suppose 19*x = -464 + 388. Let h(r) = 2*r - 11. Determine h(x).
-19
Suppose 2*h + 5*p = 58, 2*p + 29 = h - p. Let b(z) = 4 + 6 - 27*z + h*z. Determine b(-5).
0
Let c(o) = -5*o**2 + 3*o + 6. Let v(k) = -2*k**2 + k + 3. Let r(i) = -4*c(i) + 9*v(i). Let d = 719 + -773. Let m be 5/(-3)*(d/(-30) - 3). Determine r(m).
5
Let v(f) be the third derivative of -f**4/24 + f**3 + 6*f**2. Suppose -5*j = 4*a - 33, 3 + 23 = 4*j + 3*a. Determine v(j).
1
Suppose 2*o - 2*x - 82 = 54, 0 = -4*o + x + 272. Let z = 69 - o. Let t(r) = -2 + 5*r + 3 + 2*r. What is t(z)?
8
Let p be (12 - 2) + -12*(-21)/(-42). Let v(l) = -12*l - 4. Give v(p).
-52
Let z = 23 + -21. Suppose 190 = -z*w + 12*w. Suppose 5 = 4*j - w. Let o(m) = m**2 - 8*m + 5. Give o(j).
-7
Let o(c) be the third derivative of c**5/60 - c**4/12 + c**3/6 - 2930*c**2. Let n(r) = r - 1. Let y be n(3). Determine o(y).
1
Let n be (17 + -2)*2/(-3). Let r(j) be the second derivative of j**5/20 + 5*j**4/6 - j**2/2 + 4*j + 283. Determine r(n).
-1
Let d(a) = 6*a. Let r(l) = l**3 - 7*l**2 + 14*l - 15. Let n be r(5). Let k(w) = 7*w + 2. Let p(v) = n*k(v) - 6*d(v). Determine p(-7).
17
Let p(v) = v**2 - 4*v. Let x(u) = -10*u**2 + 9*u**2 + 9 - 8 + 3*u. Let a(j) = 5*p(j) + 6*x(j). Suppose -2*n + 2 = -5*t + 4, -3*n - 4*t = -20. Give a(n).
-18
Let h(x) = 2*x**2 - 115*x - 4 + 17 + 32*x + 24*x + 39*x. Calculate h(9).
-5
Let w(d) = 6*d - 2. Suppose 4*i + 270 = 4*c - c, 5*c = 3*i + 461. Suppose 0 = 92*s - c*s - 4. Determine w(s).
-14
Let g(q) = q - q + 3 + 4*q. Let b be (7 - 2) + -4 + 0/(-2). Let a be b*-2 - (3 - 15/5). Determine g(a).
-5
Suppose -2*h + 4*h + 49 = -p, -5*p = -h + 223. Let g be 1/((-6)/4) + (-975)/p. Let s be 6/(-2) + -18 + g. Let n(c) = -c**2 + 10. Calculate n(s).
10
Let p = 626 - 246. Let s = p - 388. Let c(l) = l**2 + 6*l - 5. Give c(s).
11
Let p(i) be the first derivative of -i**2 - 43*i - 369. What is p(-17)?
-9
Let h(m) = -m**3 - 18*m**2 - 15*m + 38. Let r be h(-17). Let i(s) = 2*s**3 + 306*s**2 + r*s**3 + 0 - 307*s**2 + 0. Determine i(1).
5
Let s = -8077 - -8070. Let n(z) = 9*z + 30. What is n(s)?
-33
Let q(r) = -6*r**3 + 6*r**2 - 2*r - 3. Let j(a) = -18*a**3 + 16*a**2 - 7*a - 9. Let i(f) = 6*j(f) - 17*q(f). What is i(-2)?
37
Let o(v) = -2*v**3 + 16*v**2 + 3. Let u be o(8). Let p(r) = -r - 1 + 0*r**3 + 16*r**2 + 3 - 23 + 3*r - r**u. Determine p(16).
11
Let d = -31 - -41. Suppose 0 = 12*v - 7*v + d. Let j(a) = a**3 - a**2 - 2*a - 1. Let s(z) = -3*z**2 - z + 1. Let y(i) = -j(i) + s(i). Determine y(v).
0
Let f(i) = -5*i - 223 + 43 - 20*i + 43*i - 48. Give f(13).
6
Let a(m) = -121*m + 65*m + 69*m - 12. Let f(i) = -2*i - 1. Let t(x) = a(x) + 6*f(x). Give t(8).
-10
Let f(g) = g**2 + 13*g - 24. Suppose s + 90 = -5*d, d + 113*s + 18 = 111*s. Calculate f(d).
66
Let i(h) = -6*h**2 - 58*h + 57. Let n = 6846 - 6845. Give i(n).
-7
Let d(t) = -2*t**2 + 7*t + 80. Let j be d(8). Let z(m) = -m**3 + 10*m**2 - 17*m + 22. Give z(j).
14
Let l(p) be the third derivative of p**4/12 - 41*p**3/6 + 6*p**2 + 174*p. Give l(0).
-41
Let p(v) be the second derivative of -v**5/20 - v**4/4 - v**3/6 + v**2 - v - 1233. What is p(0)?
2
Let j(b) be the third derivative of -b**8/6720 + b**7/2520 + b**5/